 prime factors of 16806?
2, 3, 2801
What are the prime factors of 1737?
3, 193
What are the prime factors of 334?
2, 167
List the prime factors of 1539.
3, 19
What are the prime factors of 2836?
2, 709
What are the prime factors of 8520?
2, 3, 5, 71
List the prime factors of 12305.
5, 23, 107
What are the prime factors of 87028?
2, 21757
List the prime factors of 98.
2, 7
What are the prime factors of 5720?
2, 5, 11, 13
What are the prime factors of 1876?
2, 7, 67
List the prime factors of 2302.
2, 1151
List the prime factors of 19296.
2, 3, 67
What are the prime factors of 19804?
2, 4951
What are the prime factors of 1991?
11, 181
What are the prime factors of 9307?
41, 227
List the prime factors of 1873.
1873
What are the prime factors of 1859?
11, 13
What are the prime factors of 7371?
3, 7, 13
List the prime factors of 27197.
27197
List the prime factors of 123920.
2, 5, 1549
What are the prime factors of 162?
2, 3
What are the prime factors of 71207?
31, 2297
What are the prime factors of 4821?
3, 1607
What are the prime factors of 553?
7, 79
What are the prime factors of 4154?
2, 31, 67
List the prime factors of 6595.
5, 1319
List the prime factors of 1690.
2, 5, 13
List the prime factors of 45888.
2, 3, 239
What are the prime factors of 5127?
3, 1709
What are the prime factors of 2637?
3, 293
List the prime factors of 20414.
2, 59, 173
What are the prime factors of 567?
3, 7
List the prime factors of 9719.
9719
What are the prime factors of 484?
2, 11
List the prime factors of 5984.
2, 11, 17
What are the prime factors of 2611?
7, 373
What are the prime factors of 496?
2, 31
List the prime factors of 1166.
2, 11, 53
List the prime factors of 36466.
2, 18233
List the prime factors of 2916.
2, 3
What are the prime factors of 1919?
19, 101
What are the prime factors of 79041?
3, 26347
List the prime factors of 1646.
2, 823
What are the prime factors of 14103?
3, 1567
What are the prime factors of 1449?
3, 7, 23
List the prime factors of 13974.
2, 3, 17, 137
What are the prime factors of 12336?
2, 3, 257
What are the prime factors of 25174?
2, 41, 307
What are the prime factors of 3349?
17, 197
List the prime factors of 21978.
2, 3, 11, 37
What are the prime factors of 28201?
28201
List the prime factors of 1762.
2, 881
List the prime factors of 384.
2, 3
List the prime factors of 66668.
2, 7, 2381
What are the prime factors of 171?
3, 19
List the prime factors of 9110.
2, 5, 911
What are the prime factors of 525?
3, 5, 7
What are the prime factors of 13742?
2, 6871
List the prime factors of 3306.
2, 3, 19, 29
List the prime factors of 2856.
2, 3, 7, 17
List the prime factors of 17368.
2, 13, 167
What are the prime factors of 5545?
5, 1109
What are the prime factors of 2767?
2767
What are the prime factors of 360?
2, 3, 5
List the prime factors of 86485.
5, 7, 353
What are the prime factors of 29691?
3, 3299
List the prime factors of 10218.
2, 3, 13, 131
List the prime factors of 3134.
2, 1567
List the prime factors of 7898.
2, 11, 359
List the prime factors of 63104.
2, 17, 29
List the prime factors of 791.
7, 113
What are the prime factors of 171?
3, 19
What are the prime factors of 223?
223
List the prime factors of 27921.
3, 41, 227
What are the prime factors of 2694?
2, 3, 449
What are the prime factors of 693?
3, 7, 11
What are the prime factors of 3449?
3449
List the prime factors of 23547.
3, 47, 167
What are the prime factors of 8735?
5, 1747
What are the prime factors of 41221?
41221
List the prime factors of 12274.
2, 17, 19
List the prime factors of 45343.
45343
What are the prime factors of 5706?
2, 3, 317
List the prime factors of 41288.
2, 13, 397
What are the prime factors of 1954?
2, 977
List the prime factors of 1111.
11, 101
What are the prime factors of 17002?
2, 8501
What are the prime factors of 22217?
13, 1709
What are the prime factors of 3448?
2, 431
List the prime factors of 2461.
23, 107
What are the prime factors of 15597?
3, 1733
What are the prime factors of 984?
2, 3, 41
What are the prime factors of 127?
127
What are the prime factors of 459?
3, 17
What are the prime factors of 8293?
8293
What are the prime factors of 1776?
2, 3, 37
What are the prime factors of 824?
2, 103
List the prime factors of 25901.
59, 439
What are the prime factors of 117937?
117937
What are the prime factors of 5988?
2, 3, 499
What are the prime factors of 185641?
185641
What are the prime factors of 90885?
3, 5, 73, 83
List the prime factors of 65.
5, 13
List the prime factors of 32062.
2, 17, 23, 41
What are the prime factors of 4192?
2, 131
What are the prime factors of 4553?
29, 157
What are the prime factors of 4735?
5, 947
List the prime factors of 5704.
2, 23, 31
List the prime factors of 148.
2, 37
List the prime factors of 2088.
2, 3, 29
List the prime factors of 71490.
2, 3, 5, 2383
List the prime factors of 30063.
3, 11, 911
List the prime factors of 84938.
2, 7, 6067
What are the prime factors of 30288?
2, 3, 631
What are the prime factors of 10742?
2, 41, 131
What are the prime factors of 7260?
2, 3, 5, 11
List the prime factors of 9453.
3, 23, 137
What are the prime factors of 67049?
67049
List the prime factors of 30394.
2, 7, 13, 167
What are the prime factors of 1290?
2, 3, 5, 43
What are the prime factors of 5777?
53, 109
What are the prime factors of 3128?
2, 17, 23
What are the prime factors of 5442?
2, 3, 907
What are the prime factors of 993?
3, 331
What are the prime factors of 81939?
3, 11, 13, 191
What are the prime factors of 12406?
2, 6203
What are the prime factors of 3453?
3, 1151
List the prime factors of 1310.
2, 5, 131
What are the prime factors of 13435?
5, 2687
List the prime factors of 55479.
3, 18493
List the prime factors of 891.
3, 11
What are the prime factors of 2142?
2, 3, 7, 17
List the prime factors of 3912.
2, 3, 163
List the prime factors of 47131.
7, 6733
What are the prime factors of 425?
5, 17
List the prime factors of 9735.
3, 5, 11, 59
What are the prime factors of 5281?
5281
What are the prime factors of 5521?
5521
What are the prime factors of 10015?
5, 2003
What are the prime factors of 787?
787
What are the prime factors of 5090?
2, 5, 509
List the prime factors of 19440.
2, 3, 5
List the prime factors of 4317.
3, 1439
List the prime factors of 10753.
10753
What are the prime factors of 10527?
3, 11, 29
What are the prime factors of 587?
587
What are the prime factors of 945?
3, 5, 7
List the prime factors of 18366.
2, 3, 3061
What are the prime factors of 21747?
3, 11, 659
What are the prime factors of 503?
503
List the prime factors of 1882.
2, 941
List the prime factors of 3484.
2, 13, 67
What are the prime factors of 2522?
2, 13, 97
What are the prime factors of 16118?
2, 8059
What are the prime factors of 1036?
2, 7, 37
What are the prime factors of 980?
2, 5, 7
What are the prime factors of 47300?
2, 5, 11, 43
List the prime factors of 13988.
2, 13, 269
What are the prime factors of 670?
2, 5, 67
What are the prime factors of 42851?
73, 587
What are the prime factors of 502?
2, 251
What are the prime factors of 3099?
3, 1033
List the prime factors of 5471.
5471
List the prime factors of 620.
2, 5, 31
List the prime factors of 1614.
2, 3, 269
What are the prime factors of 1066?
2, 13, 41
What are the prime factors of 46223?
17, 2719
List the prime factors of 119903.
7, 2447
What are the prime factors of 1490?
2, 5, 149
What are the prime factors of 1075?
5, 43
List the prime factors of 174359.
113, 1543
List the prime factors of 2006.
2, 17, 59
List the prime factors of 5756.
2, 1439
List the prime factors of 202439.
97, 2087
List the prime factors of 51357.
3, 17, 19, 53
What are the prime factors of 1058?
2, 23
List the prime factors of 18469.
11, 23, 73
What are the prime factors of 1201?
1201
What are the prime factors of 30058?
2, 7, 19, 113
What are the prime factors of 1416?
2, 3, 59
What are the prime factors of 2524?
2, 631
What are the prime factors of 39073?
41, 953
List the prime factors of 8534.
2, 17, 251
What are the prime factors of 854?
2, 7, 61
List the prime factors of 7309.
7309
What are the prime factors of 7449?
3, 13, 191
List the prime factors of 480.
2, 3, 5
What are the prime factors of 52139?
17, 3067
List the prime factors of 58273.
19, 3067
